{"id":539,"date":"2023-10-05T09:13:48","date_gmt":"2023-10-05T07:13:48","guid":{"rendered":"https:\/\/sorcelaine.fr\/?page_id=539"},"modified":"2023-10-05T09:13:49","modified_gmt":"2023-10-05T07:13:49","slug":"en-construction","status":"publish","type":"page","link":"https:\/\/sorcelaine.fr\/index.php\/en-construction\/","title":{"rendered":"En construction"},"content":{"rendered":"\n<p>Bonjour et bienvenue.<\/p>\n\n\n\n<p>Le site et surtout la boutique ne sont pas encore finalis\u00e9s pour le moment. Ma sant\u00e9 \u00e9tant un peu compliqu\u00e9e ces temps-ci, j&rsquo;ai du mal \u00e0 passer du temps sur le pc. N&rsquo;h\u00e9sitez pas \u00e0 me contacter par mail (sorcelaine@gmail.com) ou par <a href=\"http:\/\/instagram.com\/sorcelaine.atelier\" title=\"\">instagram<\/a>.<\/p>\n\n\n\n<p>Pour les personnes qui m&rsquo;ont pris des kits, contactez-moi et je vous enverrai les patrons. Les pas \u00e0 pas avec photo sont plus longs \u00e0 mettre en place que pr\u00e9vu. Vous aurez un code de r\u00e9duction pour m&rsquo;excuser.<\/p>\n\n\n\n<p>A bient\u00f4t, en convention, en atelier, en march\u00e9. Mon calendrier est visible sur mon <a href=\"http:\/\/linktr.ee\/sorcelaine\" title=\"\">link tree<\/a>.<\/p>\n","protected":false},"excerpt":{"rendered":"<p>Bonjour et bienvenue. Le site et surtout la boutique ne sont pas encore finalis\u00e9s pour le moment. Ma sant\u00e9 \u00e9tant un peu compliqu\u00e9e ces temps-ci, j&rsquo;ai du mal \u00e0 passer du temps sur le pc. N&rsquo;h\u00e9sitez pas \u00e0 me contacter par mail (sorcelaine@gmail.com) ou par instagram. Pour les personnes qui m&rsquo;ont pris des kits, contactez-moi [&hellip;]<\/p>\n","protected":false},"author":1,"featured_media":0,"parent":0,"menu_order":0,"comment_status":"closed","ping_status":"closed","template":"","meta":{"site-container-style":"default","site-container-layout":"default","site-sidebar-layout":"default","disable-article-header":"default","disable-site-header":"default","disable-site-footer":"default","disable-content-area-spacing":"default","footnotes":""},"class_list":["post-539","page","type-page","status-publish","hentry"],"aioseo_notices":[],"jetpack_sharing_enabled":true,"_links":{"self":[{"href":"https:\/\/sorcelaine.fr\/index.php\/wp-json\/wp\/v2\/pages\/539","targetHints":{"allow":["GET"]}}],"collection":[{"href":"https:\/\/sorcelaine.fr\/index.php\/wp-json\/wp\/v2\/pages"}],"about":[{"href":"https:\/\/sorcelaine.fr\/index.php\/wp-json\/wp\/v2\/types\/page"}],"author":[{"embeddable":true,"href":"https:\/\/sorcelaine.fr\/index.php\/wp-json\/wp\/v2\/users\/1"}],"replies":[{"embeddable":true,"href":"https:\/\/sorcelaine.fr\/index.php\/wp-json\/wp\/v2\/comments?post=539"}],"version-history":[{"count":1,"href":"https:\/\/sorcelaine.fr\/index.php\/wp-json\/wp\/v2\/pages\/539\/revisions"}],"predecessor-version":[{"id":540,"href":"https:\/\/sorcelaine.fr\/index.php\/wp-json\/wp\/v2\/pages\/539\/revisions\/540"}],"wp:attachment":[{"href":"https:\/\/sorcelaine.fr\/index.php\/wp-json\/wp\/v2\/media?parent=539"}],"curies":[{"name":"wp","href":"https:\/\/api.w.org\/{rel}","templated":true}]}}