{"id":1340,"date":"2024-08-09T18:08:04","date_gmt":"2024-08-09T16:08:04","guid":{"rendered":"https:\/\/sorcelaine.fr\/?post_type=product&#038;p=1340"},"modified":"2025-06-27T18:23:52","modified_gmt":"2025-06-27T16:23:52","slug":"peluche-douce-blob","status":"publish","type":"product","link":"https:\/\/sorcelaine.fr\/index.php\/product\/peluche-douce-blob\/","title":{"rendered":"Peluche douce blob"},"content":{"rendered":"<p>Peluche douce artisanale faite main avec amour en Alsace repr\u00e9sentant un blob \u00e9l\u00e9mentaire, inspir\u00e9 de plusieurs jeux vid\u00e9os et mangas.<\/p>\n<p>Ces photos repr\u00e9sentent des peluches fait avec ce patron. Comme chacune d&rsquo;elle est unique, celle que vous allez recevoir peut pr\u00e9senter de petites diff\u00e9rences. N&rsquo;h\u00e9sitez pas \u00e0 me contacter si vous voulez des photos de l&rsquo;exemplaire que vous recevrez. Tous les coloris ne sont pas repr\u00e9sent\u00e9s en peluche, mais une photo g\u00e9n\u00e9rale montre des \u00e9chantillons. D&rsquo;autres coloris sont disponibles \u00e0 la commande, si vous ne trouvez pas votre bonheur dans ce qui est propos\u00e9.<\/p>\n<p>Si vous voulez vous lancer, nous proposons <a href=\"https:\/\/sorcelaine.fr\/index.php\/product-category\/kits-pas-a-pas-lots\/kits\/\" target=\"_blank\" rel=\"noopener\">des kits pour r\u00e9aliser vos propres amigurumis<\/a>.<\/p>\n<hr \/>\n<h2>En d\u00e9tails :<\/h2>\n<p>Patron : <a href=\"http:\/\/crochethea.com\/\" target=\"_blank\" rel=\"noopener\">Crochethea<\/a>, adapt\u00e9 par Sorcelaine<\/p>\n<p>R\u00e9alis\u00e9 en fil 100% polyester oeko-tex, garni de rembourrage issu du recyclage des d\u00e9chets de l&rsquo;industrie de la mode.<\/p>\n<h2>Attention :<\/h2>\n<p>Attention cette peluche est purement d\u00e9corative. Elle n&rsquo;est ni destin\u00e9e \u00e0 un enfant, ni \u00e0 un animal. De petites pi\u00e8ces pourraient se d\u00e9tacher.<\/p>\n<p>Ce n&rsquo;est pas une peluche officielle. Elle est r\u00e9alis\u00e9e par une fan pour les fans en s&rsquo;inspirant d&rsquo;un personnage que nous aimons.<\/p>\n","protected":false},"excerpt":{"rendered":"<p>Peluche douce faite main au crochet par Sorcelaine, repr\u00e9sentant un blob.<\/p>\n","protected":false},"featured_media":0,"comment_status":"open","ping_status":"closed","template":"","meta":{"site-container-style":"default","site-container-layout":"default","site-sidebar-layout":"default","disable-article-header":"default","disable-site-header":"default","disable-site-footer":"default","disable-content-area-spacing":"default"},"product_brand":[],"product_cat":[67,26,52,95],"product_tag":[],"class_list":{"0":"post-1340","1":"product","2":"type-product","3":"status-publish","5":"product_cat-blob-slime","6":"product_cat-blobs","7":"product_cat-fantasy","8":"product_cat-peluches-douces","10":"first","11":"onbackorder","12":"taxable","13":"shipping-taxable","14":"purchasable","15":"product-type-variable"},"aioseo_notices":[],"jetpack_sharing_enabled":true,"_links":{"self":[{"href":"https:\/\/sorcelaine.fr\/index.php\/wp-json\/wp\/v2\/product\/1340","targetHints":{"allow":["GET"]}}],"collection":[{"href":"https:\/\/sorcelaine.fr\/index.php\/wp-json\/wp\/v2\/product"}],"about":[{"href":"https:\/\/sorcelaine.fr\/index.php\/wp-json\/wp\/v2\/types\/product"}],"replies":[{"embeddable":true,"href":"https:\/\/sorcelaine.fr\/index.php\/wp-json\/wp\/v2\/comments?post=1340"}],"wp:attachment":[{"href":"https:\/\/sorcelaine.fr\/index.php\/wp-json\/wp\/v2\/media?parent=1340"}],"wp:term":[{"taxonomy":"product_brand","embeddable":true,"href":"https:\/\/sorcelaine.fr\/index.php\/wp-json\/wp\/v2\/product_brand?post=1340"},{"taxonomy":"product_cat","embeddable":true,"href":"https:\/\/sorcelaine.fr\/index.php\/wp-json\/wp\/v2\/product_cat?post=1340"},{"taxonomy":"product_tag","embeddable":true,"href":"https:\/\/sorcelaine.fr\/index.php\/wp-json\/wp\/v2\/product_tag?post=1340"}],"curies":[{"name":"wp","href":"https:\/\/api.w.org\/{rel}","templated":true}]}}