{"id":19,"date":"2024-07-16T11:16:16","date_gmt":"2024-07-16T09:16:16","guid":{"rendered":"https:\/\/sorcelaine.fr\/?post_type=product&#038;p=19"},"modified":"2025-10-02T09:53:35","modified_gmt":"2025-10-02T07:53:35","slug":"wyverne","status":"publish","type":"product","link":"https:\/\/sorcelaine.fr\/index.php\/product\/wyverne\/","title":{"rendered":"Wyverne"},"content":{"rendered":"<p>Chaque wyverne est unique d\u00fb \u00e0 la laine. Les ailes et le corps sont posables. Une wyverne est une sorte de dragon avec uniquement des pattes arri\u00e8res.<\/p>\n<p>Peluche<em> d\u00e9corative<\/em> au crochet, fait main avec amour en Alsace, d&rsquo;apr\u00e8s un patron de <a href=\"https:\/\/craftyintentions.com\/\">Crafty Intentions<\/a>.<\/p>\n<p>Composition : Fil d&rsquo;aluminium, fils 100% acrylique (ou 99% acrylique et 1% polyester s&rsquo;il y a l&rsquo;effet m\u00e9tallique), rembourrage fait de fibres 100% recycl\u00e9es (85% coton, 15% d&rsquo;autres fibres). Je vous conseille de le nettoyer en surface avec un peu d&rsquo;eau et \u00e9ventuellement du savon non color\u00e9 (attention au savon de Marseille vert).<\/p>\n<p><strong><em>Attention, cet objet n&rsquo;est pas un jouet. Il n&rsquo;est pas destin\u00e9 aux enfants en bas age, ni aux animaux. De petits \u00e9l\u00e9ments pourraient se d\u00e9tacher.<\/em><\/strong><\/p>\n<p>Peluche faite et conserv\u00e9e dans un environnement non fumeur, sans autres animaux qu&rsquo;un chat.<\/p>\n","protected":false},"excerpt":{"rendered":"<p>Peluche<em> d\u00e9corative\u00a0<\/em>d&rsquo;une wyverne, au crochet, fait main avec amour en Alsace, d&rsquo;apr\u00e8s un patron de <a href=\"https:\/\/craftyintentions.com\/\">Crafty Intentions<\/a>.<\/p>\n","protected":false},"featured_media":0,"comment_status":"open","ping_status":"closed","template":"","meta":{"site-container-style":"default","site-container-layout":"default","site-sidebar-layout":"default","disable-article-header":"default","disable-site-header":"default","disable-site-footer":"default","disable-content-area-spacing":"default"},"product_brand":[],"product_cat":[19,52],"product_tag":[],"class_list":{"0":"post-19","1":"product","2":"type-product","3":"status-publish","5":"product_cat-dragons","6":"product_cat-fantasy","8":"first","9":"instock","10":"taxable","11":"shipping-taxable","12":"purchasable","13":"product-type-variable"},"aioseo_notices":[],"jetpack_sharing_enabled":true,"_links":{"self":[{"href":"https:\/\/sorcelaine.fr\/index.php\/wp-json\/wp\/v2\/product\/19","targetHints":{"allow":["GET"]}}],"collection":[{"href":"https:\/\/sorcelaine.fr\/index.php\/wp-json\/wp\/v2\/product"}],"about":[{"href":"https:\/\/sorcelaine.fr\/index.php\/wp-json\/wp\/v2\/types\/product"}],"replies":[{"embeddable":true,"href":"https:\/\/sorcelaine.fr\/index.php\/wp-json\/wp\/v2\/comments?post=19"}],"wp:attachment":[{"href":"https:\/\/sorcelaine.fr\/index.php\/wp-json\/wp\/v2\/media?parent=19"}],"wp:term":[{"taxonomy":"product_brand","embeddable":true,"href":"https:\/\/sorcelaine.fr\/index.php\/wp-json\/wp\/v2\/product_brand?post=19"},{"taxonomy":"product_cat","embeddable":true,"href":"https:\/\/sorcelaine.fr\/index.php\/wp-json\/wp\/v2\/product_cat?post=19"},{"taxonomy":"product_tag","embeddable":true,"href":"https:\/\/sorcelaine.fr\/index.php\/wp-json\/wp\/v2\/product_tag?post=19"}],"curies":[{"name":"wp","href":"https:\/\/api.w.org\/{rel}","templated":true}]}}