{"id":2772,"date":"2026-01-23T18:55:47","date_gmt":"2026-01-23T17:55:47","guid":{"rendered":"https:\/\/sorcelaine.fr\/?post_type=product&#038;p=2772"},"modified":"2026-02-23T09:45:20","modified_gmt":"2026-02-23T08:45:20","slug":"kit-intermediaire-chat","status":"publish","type":"product","link":"https:\/\/sorcelaine.fr\/index.php\/product\/kit-intermediaire-chat\/","title":{"rendered":"Kit interm\u00e9diaire &#8211; Chat"},"content":{"rendered":"<p>Ce kit de crochet contient<strong> tout ce qu&rsquo;il vous faudra comme consommables<\/strong> pour cr\u00e9er votre propre sapin d\u00e9cor\u00e9, utilisation possible en porte-cl\u00e9. <strong>Il ne manque qu&rsquo;un peu de patience, de temps et la magie op\u00e8rera !<\/strong><\/p>\n<p>Il est disponible en noir, mais vous pouvez me demander un kit custom avec les couleurs que vous voulez (dans la limite de ce que j&rsquo;ai en stock au moment T). Je vous contacterai s&rsquo;il n&rsquo;y a pas d&rsquo;indication lors de la commande.<\/p>\n<p><strong>D\u00e9but facile ?<\/strong> Les deux premiers rangs du patron seront d\u00e9j\u00e0 fait pour vous faciliter l\u2019apprentissage. Ils constituent 60% de la difficult\u00e9 totale du kit et plus de 80% des raisons pour lesquelles les d\u00e9butants ne finissent pas leur premi\u00e8re cr\u00e9ation. C&rsquo;est optionnel et disponible sur commande (ce qui ne rallonge pas le d\u00e9lai d&rsquo;envoi).<\/p>\n<p>Il existe plusieurs d\u00e9clinaisons d\u00e9taill\u00e9es plus bas.<\/p>\n<hr \/>\n<h3>En r\u00e9sum\u00e9 :<\/h3>\n<p><em>Niveau :<\/em> Interm\u00e9diaire, adapt\u00e9 quand on est \u00e0 l&rsquo;aise avec les kits d\u00e9butants.<\/p>\n<hr \/>\n<h2><strong>Versions<\/strong><\/h2>\n<p><strong>Complet : <\/strong>Un crochet de qualit\u00e9, de taille adapt\u00e9 au fil fourni, aiguille pour l&rsquo;assemblage, suffisamment de marqueurs de mailles et si besoin quelques \u00e9pingles. Une ou plusieurs petites pelotes, rembourrage, petits accessoires. Le patron et le dictionnaire d&rsquo;abr\u00e9viations imprim\u00e9s sont inclus, ainsi qu&rsquo;un code unique pour t\u00e9l\u00e9charger gratuitement les explications num\u00e9riques avec photos en PDF.<\/p>\n<p><strong>Consommables : <\/strong>Une ou plusieurs petites pelotes, rembourrage, petits accessoires, ainsi qu&rsquo;un code unique pour t\u00e9l\u00e9charger gratuitement les explications num\u00e9riques avec photos en PDF. Vous pouvez demander \u00e0 ce que j&rsquo;ajoute gratuitement le patron imprim\u00e9.<\/p>\n<p><strong>Explications : <\/strong>Ne contient que le patron et le pas \u00e0 pas d\u00e9taill\u00e9 avec<strong> photos sous forme de PDF \u00e0 t\u00e9l\u00e9charger<\/strong>. Les kits complet et consommables contiennent un code pour le t\u00e9l\u00e9charger gratuitement. Il est \u00e0 part et en un seul lieu pour m&rsquo;assurer qu&rsquo;il est toujours disponible dans la derni\u00e8re version.<\/p>\n<hr \/>\n<p>Vous pouvez compl\u00e9ter ce kit avec <a href=\"https:\/\/sorcelaine.fr\/wp-admin\/post.php?post=32\">des accessoires<\/a>. Il est \u00e9galement possible de commander le crochet, l&rsquo;aiguille et les marqueurs dans <a href=\"https:\/\/sorcelaine.fr\/index.php\/product\/crochet\/\">un kit s\u00e9par\u00e9<\/a>.<\/p>\n<p>Le patron est une cr\u00e9ation personnelle, il n&rsquo;est disponible nulle part ailleurs. Merci de respecter la loi et de ne pas vous en servir pour produire des cr\u00e9ations \u00e0 vendre. Merci de me demander et de me cr\u00e9diter si vous voulez l&rsquo;utiliser pour une vente de charit\u00e9.<\/p>\n<hr \/>\n<h3>Contenu :<\/h3>\n<p>Petite pelote d&rsquo;acrylique Knitty noir, mini pelote d&rsquo;acrylique Knitty blanc et rose pour les d\u00e9corations, noir pour broder le visage en option, rembourrage sombre ou gris et une chaine de porte-cl\u00e9.<\/p>\n<p>Il n&rsquo;est possible que de faire une seule peluche avec le contenu. Les yeux ou le visage sont optionnels.<\/p>\n<hr \/>\n<h3>Attention :<\/h3>\n<p>Le cours de crochet n&rsquo;est pas inclus, mais vous pouvez vous inscrire \u00e0 la liste de diffusion o\u00f9 j&rsquo;indique les dates et lieux de mes cours en pr\u00e9sentiel. Je ne donne pas pour le moment de cours en ligne. Le pas \u00e0 pas avec photo peut suffire \u00e0 une personne d\u00e9butante. <em>Ce kit (et ses variantes de couleurs) sert de support \u00e0 un de mes ateliers d&rsquo;initiation aux amigurumis.<\/em><\/p>\n<p>Le kit contient des petites pi\u00e8ces susceptibles d&rsquo;\u00eatre aval\u00e9es, il ne doit pas \u00eatre utilis\u00e9 par des enfants sans surveillance d&rsquo;un adulte.<\/p>\n<p>La peluche finale est purement d\u00e9corative. Elle n&rsquo;est ni destin\u00e9e aux enfants ni aux animaux. A nouveau, de petites pi\u00e8ces pourraient se d\u00e9tacher et \u00eatre aval\u00e9es.<\/p>\n","protected":false},"excerpt":{"rendered":"<p>Ce kit de crochet contient tout pour cr\u00e9er votre propre mini chat.<\/p>\n<p><em>Niveau :<\/em> Interm\u00e9diaire<\/p>\n","protected":false},"featured_media":0,"comment_status":"open","ping_status":"closed","template":"","meta":{"site-container-style":"default","site-container-layout":"default","site-sidebar-layout":"default","disable-article-header":"default","disable-site-header":"default","disable-site-footer":"default","disable-content-area-spacing":"default"},"product_brand":[],"product_cat":[42,54,25,27],"product_tag":[],"class_list":{"0":"post-2772","1":"product","2":"type-product","3":"status-publish","5":"product_cat-animaux-kawaii","6":"product_cat-kawaii","7":"product_cat-kits","8":"product_cat-pas-a-pas","10":"first","11":"instock","12":"taxable","13":"shipping-taxable","14":"purchasable","15":"product-type-variable","16":"has-default-attributes"},"aioseo_notices":[],"jetpack_sharing_enabled":true,"_links":{"self":[{"href":"https:\/\/sorcelaine.fr\/index.php\/wp-json\/wp\/v2\/product\/2772","targetHints":{"allow":["GET"]}}],"collection":[{"href":"https:\/\/sorcelaine.fr\/index.php\/wp-json\/wp\/v2\/product"}],"about":[{"href":"https:\/\/sorcelaine.fr\/index.php\/wp-json\/wp\/v2\/types\/product"}],"replies":[{"embeddable":true,"href":"https:\/\/sorcelaine.fr\/index.php\/wp-json\/wp\/v2\/comments?post=2772"}],"wp:attachment":[{"href":"https:\/\/sorcelaine.fr\/index.php\/wp-json\/wp\/v2\/media?parent=2772"}],"wp:term":[{"taxonomy":"product_brand","embeddable":true,"href":"https:\/\/sorcelaine.fr\/index.php\/wp-json\/wp\/v2\/product_brand?post=2772"},{"taxonomy":"product_cat","embeddable":true,"href":"https:\/\/sorcelaine.fr\/index.php\/wp-json\/wp\/v2\/product_cat?post=2772"},{"taxonomy":"product_tag","embeddable":true,"href":"https:\/\/sorcelaine.fr\/index.php\/wp-json\/wp\/v2\/product_tag?post=2772"}],"curies":[{"name":"wp","href":"https:\/\/api.w.org\/{rel}","templated":true}]}}