{"id":31,"date":"2023-08-16T19:05:07","date_gmt":"2023-08-16T17:05:07","guid":{"rendered":"https:\/\/sorcelaine.fr\/?post_type=product&#038;p=31"},"modified":"2024-05-30T18:22:20","modified_gmt":"2024-05-30T16:22:20","slug":"crochet","status":"publish","type":"product","link":"https:\/\/sorcelaine.fr\/index.php\/product\/crochet\/","title":{"rendered":"Kit mat\u00e9riel d\u00e9butant &#8211; Crochet, aiguille et marqueurs"},"content":{"rendered":"<p>Ce kit continent le mat\u00e9riel <strong>non consommable<\/strong> dont vous aurez <strong>besoin pour d\u00e9buter<\/strong> sans prise de t\u00eate :<\/p>\n<ul>\n<li>Un crochet de <em>qualit\u00e9<\/em> adapt\u00e9 \u00e0 la taille du fil propos\u00e9 dans les kits (Clover soft touch 3.25mm)<\/li>\n<li>Une aiguille pour le montage et broder les d\u00e9tails (aiguille \u00e0 tapisser 18)<\/li>\n<li>4 marqueurs de mailles (coloris al\u00e9atoires)<\/li>\n<\/ul>\n<p>Si le crochet et les amigurumis vous int\u00e9ressent, il est possible de compl\u00e9ter ce kit avec <a href=\"https:\/\/sorcelaine.fr\/index.php\/product\/kit-accessoires\/\" target=\"_blank\" rel=\"noopener\">le kit d&rsquo;accessoires<\/a> qui rend la confection plus agr\u00e9able.<\/p>\n","protected":false},"excerpt":{"rendered":"<p>Ce kit continent le mat\u00e9riel non consommable dont vous aurez besoin pour d\u00e9buter sans prise de t\u00eate : Un crochet de qualit\u00e9 adapt\u00e9 \u00e0 la taille du fil propos\u00e9 dans les kits (Clover soft touch 3.25mm) Une aiguille pour le montage et broder les d\u00e9tails (aiguille \u00e0 tapisser 18) 4 marqueurs de mailles (coloris al\u00e9atoires) [&hellip;]<\/p>\n","protected":false},"featured_media":0,"comment_status":"open","ping_status":"closed","template":"","meta":{"site-container-style":"default","site-container-layout":"default","site-sidebar-layout":"default","disable-article-header":"default","disable-site-header":"default","disable-site-footer":"default","disable-content-area-spacing":"default"},"product_brand":[],"product_cat":[25,34],"product_tag":[],"class_list":{"0":"post-31","1":"product","2":"type-product","3":"status-publish","5":"product_cat-kits","6":"product_cat-kits-pas-a-pas-lots","8":"first","9":"onbackorder","10":"taxable","11":"shipping-taxable","12":"purchasable","13":"product-type-simple"},"aioseo_notices":[],"jetpack_sharing_enabled":true,"_links":{"self":[{"href":"https:\/\/sorcelaine.fr\/index.php\/wp-json\/wp\/v2\/product\/31","targetHints":{"allow":["GET"]}}],"collection":[{"href":"https:\/\/sorcelaine.fr\/index.php\/wp-json\/wp\/v2\/product"}],"about":[{"href":"https:\/\/sorcelaine.fr\/index.php\/wp-json\/wp\/v2\/types\/product"}],"replies":[{"embeddable":true,"href":"https:\/\/sorcelaine.fr\/index.php\/wp-json\/wp\/v2\/comments?post=31"}],"wp:attachment":[{"href":"https:\/\/sorcelaine.fr\/index.php\/wp-json\/wp\/v2\/media?parent=31"}],"wp:term":[{"taxonomy":"product_brand","embeddable":true,"href":"https:\/\/sorcelaine.fr\/index.php\/wp-json\/wp\/v2\/product_brand?post=31"},{"taxonomy":"product_cat","embeddable":true,"href":"https:\/\/sorcelaine.fr\/index.php\/wp-json\/wp\/v2\/product_cat?post=31"},{"taxonomy":"product_tag","embeddable":true,"href":"https:\/\/sorcelaine.fr\/index.php\/wp-json\/wp\/v2\/product_tag?post=31"}],"curies":[{"name":"wp","href":"https:\/\/api.w.org\/{rel}","templated":true}]}}